{"id":6478,"date":"2025-11-19T14:18:04","date_gmt":"2025-11-19T14:18:04","guid":{"rendered":"https:\/\/dev.sico.media\/rosavis\/?page_id=6478"},"modified":"2025-11-19T14:19:25","modified_gmt":"2025-11-19T14:19:25","slug":"politica-cookie","status":"publish","type":"page","link":"https:\/\/dev.sico.media\/rosavis\/politica-cookie\/","title":{"rendered":"Politica Cookie"},"content":{"rendered":"\t\t<div data-elementor-type=\"wp-page\" data-elementor-id=\"6478\" class=\"elementor elementor-6478\">\n\t\t\t\t<div class=\"elementor-element elementor-element-f110ac5 e-flex e-con-boxed e-con e-parent\" data-id=\"f110ac5\" data-element_type=\"container\">\n\t\t\t\t\t<div class=\"e-con-inner\">\n\t\t\t\t<div class=\"elementor-element elementor-element-3e7ee28 elementor-widget elementor-widget-text-editor\" data-id=\"3e7ee28\" data-element_type=\"widget\" data-widget_type=\"text-editor.default\">\n\t\t\t\t\t\t\t\t\t<p><strong>CE ESTE UN COOKIE?<\/strong><br \/>Cookie-urile reprezint\u0103 o cantitate mic\u0103 de date ce este transmis\u0103 \u00eentre un expeditor \u0219i un destinatar. Un cookie este creat \u0219i interpretat de c\u0103tre expeditor, \u00een timp ce destinatarul doar \u00eel p\u0103streaz\u0103 \u0219i \u00eel trimite \u00eenapoi dac\u0103 expeditorul o cere.<\/p><p>Atunci c\u00e2nd naviga\u021bi pe internet, expeditorul este serverul care g\u0103zduie\u0219te un site web \u0219i destinatarul este navigatorul de internet (browser-ul) al utilizatorului care viziteaz\u0103 acel site. Scopul lor este de a identifica utilizatorul, de a verifica activitatea lui din trecut pe acel site \u0219i de a oferi con\u021binut specific baz\u00e2ndu-se pe aceste date.<\/p><p>C\u00e2nd un utilizator viziteaz\u0103 un site pentru prima dat\u0103, serverul stocheaz\u0103 un anumit cookie \u00een navigatorul de internet (browser-ul) al acestuia. La toate vizitele succesive acestei prime vizite, serverul \u00ee\u0219i va cere cookie-ul pentru a-l citi \u0219i a \u00eenc\u0103rca o anumit\u0103 configura\u021bie a site-ului web care s\u0103 fie cea mai potrivit\u0103 pentru acel utilizator. Pute\u021bi vedea cookie-urile ca pe o etichet\u0103 pe care serverele le aplic\u0103 fiec\u0103rui utilizator, citindu-le apoi pentru a identifica utilizatorii.<\/p><p>Aceast\u0103 identificare este extrem de util\u0103 mai ales pe site-uri web unde datele \u00een timp real ale utilizatorului sunt critice. De exemplu, atunci c\u00e2nd utiliza\u021bi un magazin online, nu a\u021bi putea cump\u0103ra nimic f\u0103r\u0103 ajutorul cookie-urilor. Magazinele nu ar putea s\u0103 v\u0103 identifice \u0219i s\u0103 v\u0103 atribuie un co\u0219 de cump\u0103r\u0103turi f\u0103r\u0103 acestea deoarece, de fiecare dat\u0103 c\u00e2nd \u00eenc\u0103rca\u021bi o nou\u0103 pagin\u0103, magazinul v-ar privi ca pe un nou utilizator \u0219i ar crea un nou co\u0219.<\/p><p>Ca atare, cookie-urile sunt utilizate pe scar\u0103 larg\u0103 pe internet deoarece ele permit site-urilor web s\u0103 fie mai puternice, oferind con\u021binut dinamic \u0219i util pentru fiecare utilizator. \u00cen anumite cazuri site-urile web nu pot func\u021biona f\u0103r\u0103 a utiliza cookie-uri. De asemenea, ele permit site-urilor web s\u0103 adune date despre utilizatorii lor \u0219i despre paginile pe care le viziteaz\u0103. Ca orice alt\u0103 tehnologie \u00eens\u0103, ele pot fi utilizate \u0219i \u00een scopuri mai pu\u021bin etice. De aceea este bine ca to\u021bi cei care navigheaz\u0103 pe internet s\u0103 \u0219tie cum func\u021bioneaz\u0103 \u0219i cum pot fi utilizate.<\/p><p><strong>MODUL \u00ceN CARE SUNT UTILIZATE COOKIE-URILE<\/strong><br \/>Utiliz\u0103m cookie-uri pentru a monitoriza activitatea realizat\u0103 pe site. De asemenea, cookie-urile sunt utile pentru o \u00eenc\u0103rcare mai rapid\u0103 a content-ului.<br \/>Cookie-urile noastre nu re\u021bin date cu caracter personal cum ar fi numele t\u0103u. Acestea doar ne permit s\u0103 afl\u0103m informa\u021bii dup\u0103 ce alegi s\u0103 te \u00eenregistrezi pentru un serviciu sau buletin informativ.<\/p><p>Pentru aceasta, \u00een unele situa\u021bii utiliz\u0103m cookie-uri persistente. Trat\u0103m cu seriozitate protec\u021bia datelor tale cu caracter personal \u2013 \u00eentotdeauna monitoriz\u0103m \u0219i \u00eembun\u0103t\u0103\u021bim modul \u00een care le putem proteja.<\/p><p><strong>CLASIFICAREA COOKIE-URILOR UTILIZATE<\/strong><br \/>Cookies persistente \u2013 aceste cookies sunt stocate \u00een browser-ul dispozitivului dvs. \u0219i sunt utilizate ori de c\u00e2te ori vizita\u021bi website-ul nostru. Aceste cookies ne ajut\u0103 s\u0103 re\u021binem set\u0103rile \u0219i preferin\u021bele utilizatorilor, pentru a facilita vizita urm\u0103toare a utilizatorilor no\u0219tri. De exemplu, aceste cookies vor asigura c\u0103 utilizatorii nu vor mai trebui s\u0103 se conecteze din nou. De asemenea, re\u021bin preferin\u021ba de limb\u0103 a utilizatorilor la urm\u0103toarea vizit\u0103.<\/p><p>Cookies pentru sesiuni \u2013 acestea sunt cookies temporare care r\u0103m\u00e2n \u00een arhiva cookies a browser-ului dvs. p\u00e2n\u0103 c\u00e2nd p\u0103r\u0103si\u021bi website-ul nostru. Informa\u021biile pe care le primim cu ajutorul acestor cookies ne ajut\u0103 s\u0103 analiz\u0103m modelele de trafic web, permi\u021b\u00e2ndu-ne s\u0103 identific\u0103m \u0219i s\u0103 rezolv\u0103m problemele \u0219i s\u0103 oferim o experien\u021b\u0103 de navigare mai bun\u0103.<\/p><p><strong>COOKIE-URILE WEBSITE-URILOR TER\u021aE SI PARTENERE<\/strong><br \/>Website-ul nostru poate con\u021bine referin\u021be (links) c\u0103tre pagini de internet sau aplica\u021bii ter\u021be,. Re\u021bine\u021bi c\u0103 aceste pagini de internet ter\u021be pot utiliza \u0219i ele cookies. Nu control\u0103m aceste pagini de internet ter\u021be \u0219i nu suntem responsabili pentru cookie-urile pe care le stabilesc sau le acceseaz\u0103. Daca face\u021bi clic pe una din aceste referin\u021be sau aplica\u021bii, re\u021bine\u021bi c\u0103 fiecare dintre ele va avea politica proprie. Prin urmare, citi\u021bi politica de cookies a altor pagini de internet sau aplica\u021bii \u00eenainte de a le utiliza.<\/p><p>\u00cen cadrul website-ului nostru, urm\u0103torii parteneri utilizeaz\u0103 cookies \u0219i tehnologii similare<\/p><p>Google Analytics \u2013 pentru a \u00een\u021belege mai bine cum utiliza\u021bi website-ul nostru, colabor\u0103m cu Google Analytics \u0219i le permitem utilizarea de cookies, SDKs \u0219i alte tehnologii corespunz\u0103toare pentru monitorizarea traficului.<\/p><p>Youtube, Facebook, Instagram \u2013 website-ul nostru folose\u0219te \u0219i plug-in de la ter\u021bi sub forma de buton de distribuire. Cu ajutorul acestui buton de partajare pute\u021bi distribui anun\u021burile noastre pe platforma ter\u021bilor, cu condi\u021bia s\u0103 fi\u021bi conectat(\u0103) la serviciile acestora. Ace\u0219ti ter\u021bi ar putea conexa interac\u021biunea cu website-ul nostru \u0219i contul dvs. Prin urmare, citi\u021bi politicile de confiden\u021bialitate ale acestor ter\u021bi \u00eenainte de a da clic pe butonul de distribuire<\/p><p><strong>UTILIZAREA COOKIE-URILOR DE C\u0102TRE UTILIZATOR \u0218I CONTROLUL ACESTORA<\/strong><br \/>Browser-ul dvs. va furniza, de obicei, informa\u021bii despre cum s\u0103 refuza\u021bi, s\u0103 \u0219terge\u021bi sau s\u0103 bloca\u021bi cookies. Urm\u0103toarele referin\u021be v\u0103 vor duce la acele informa\u021bii, \u00een raport de cele mai comune browsere utilizate:<\/p><p><strong>Firefox<\/strong><br \/><strong>Safari<\/strong><br \/><strong>Edge<\/strong><br \/><strong>Opera<\/strong><\/p><p><strong>MODIFIC\u0102RI ALE ACESTEI POLITICI<\/strong><br \/>Aceast\u0103 politic\u0103 va fi actualizat\u0103 periodic, \u00een func\u021bie de modific\u0103rile func\u021bionale ce pot surveni, legislativ sau intern. \u00cen cazul \u00een care intervin modific\u0103ri ale materialului, clien\u021bii vor fi notifica\u021bi prin e-mail sau prin intermediul website-ului \u00eenainte ca schimb\u0103rile s\u0103 intre \u00een vigoare. \u00cencuraj\u0103m clien\u021bii s\u0103 verifice aceast\u0103 pagin\u0103 periodic pentru a fi informa\u021bi despre ultimele nout\u0103\u021bi \u00een ceea ce prive\u0219te practicile noastre de confiden\u021bialitate.<\/p>\t\t\t\t\t\t\t\t<\/div>\n\t\t\t\t\t<\/div>\n\t\t\t\t<\/div>\n\t\t\t\t<\/div>\n\t\t","protected":false},"excerpt":{"rendered":"<p>CE ESTE UN COOKIE?Cookie-urile reprezint\u0103 o cantitate mic\u0103 de date ce este transmis\u0103 \u00eentre un expeditor \u0219i un destinatar. Un cookie este creat \u0219i interpretat de c\u0103tre expeditor, \u00een timp ce destinatarul doar \u00eel p\u0103streaz\u0103 \u0219i \u00eel trimite \u00eenapoi dac\u0103 expeditorul o cere. Atunci c\u00e2nd naviga\u021bi pe internet, expeditorul este serverul care g\u0103zduie\u0219te un site [&hellip;]<\/p>\n","protected":false},"author":1,"featured_media":0,"parent":0,"menu_order":0,"comment_status":"closed","ping_status":"closed","template":"","meta":{"footnotes":""},"class_list":["post-6478","page","type-page","status-publish","hentry"],"_links":{"self":[{"href":"https:\/\/dev.sico.media\/rosavis\/wp-json\/wp\/v2\/pages\/6478","targetHints":{"allow":["GET"]}}],"collection":[{"href":"https:\/\/dev.sico.media\/rosavis\/wp-json\/wp\/v2\/pages"}],"about":[{"href":"https:\/\/dev.sico.media\/rosavis\/wp-json\/wp\/v2\/types\/page"}],"author":[{"embeddable":true,"href":"https:\/\/dev.sico.media\/rosavis\/wp-json\/wp\/v2\/users\/1"}],"replies":[{"embeddable":true,"href":"https:\/\/dev.sico.media\/rosavis\/wp-json\/wp\/v2\/comments?post=6478"}],"version-history":[{"count":4,"href":"https:\/\/dev.sico.media\/rosavis\/wp-json\/wp\/v2\/pages\/6478\/revisions"}],"predecessor-version":[{"id":6484,"href":"https:\/\/dev.sico.media\/rosavis\/wp-json\/wp\/v2\/pages\/6478\/revisions\/6484"}],"wp:attachment":[{"href":"https:\/\/dev.sico.media\/rosavis\/wp-json\/wp\/v2\/media?parent=6478"}],"curies":[{"name":"wp","href":"https:\/\/api.w.org\/{rel}","templated":true}]}}